{"id":7,"date":"2016-10-23T19:39:29","date_gmt":"2016-10-23T17:39:29","guid":{"rendered":"http:\/\/neu.bethlehem-voices.de\/?page_id=7"},"modified":"2024-12-26T23:58:43","modified_gmt":"2024-12-26T22:58:43","slug":"wir-ueber-uns","status":"publish","type":"page","link":"https:\/\/bethlehem-voices.de\/index.php\/wir-ueber-uns\/","title":{"rendered":"Wir \u00fcber uns"},"content":{"rendered":"<div data-colibri-id=\"7-c1\" class=\"style-227 style-local-7-c1 position-relative\">\r\n  <!---->\r\n  <div data-colibri-component=\"section\" data-colibri-id=\"7-c2\" id=\"initial-content\" class=\"h-section h-section-global-spacing d-flex align-items-lg-center align-items-md-center align-items-center style-228 style-local-7-c2 position-relative\">\r\n    <!---->\r\n    <!---->\r\n    <div class=\"h-section-grid-container h-section-boxed-container\">\r\n      <!---->\r\n      <div data-colibri-id=\"7-c3\" class=\"h-row-container gutters-row-lg-2 gutters-row-md-2 gutters-row-0 gutters-row-v-lg-2 gutters-row-v-md-2 gutters-row-v-2 style-233 style-local-7-c3 position-relative\">\r\n        <!---->\r\n        <div class=\"h-row justify-content-lg-center justify-content-md-center justify-content-center align-items-lg-stretch align-items-md-stretch align-items-stretch gutters-col-lg-2 gutters-col-md-2 gutters-col-0 gutters-col-v-lg-2 gutters-col-v-md-2 gutters-col-v-2\">\r\n          <!---->\r\n          <div class=\"h-column h-column-container d-flex h-col-lg-auto h-col-md-auto h-col-auto style-234-outer style-local-7-c4-outer\">\r\n            <div data-colibri-id=\"7-c4\" class=\"d-flex h-flex-basis h-column__inner h-px-lg-2 h-px-md-2 h-px-2 v-inner-lg-2 v-inner-md-2 v-inner-2 style-234 style-local-7-c4 position-relative\">\r\n              <!---->\r\n              <!---->\r\n              <div class=\"w-100 h-y-container h-column__content h-column__v-align flex-basis-100 align-self-lg-start align-self-md-start align-self-start\">\r\n                <!---->\r\n                <div data-colibri-id=\"7-c5\" class=\"h-text h-text-component style-235 style-local-7-c5 position-relative h-element\">\r\n                  <!---->\r\n                  <!---->\r\n                  <div class=\"\">\r\n                    <p>Unser Name ist \u2018Voices\u2019&nbsp;\u2013 \u2018Bethlehem Voices\u2019 \u2026<\/p>\r\n                    <ul>\r\n                      <li>geboren: Sommer 1999 im (Krei\u00df-) Saal der&nbsp;\r\n                        <a href=\"http:\/\/www.lutherisch.com\" style=\"font-family: &quot;Open Sans&quot;; font-weight: 400; font-size: 1em; color: rgb(3, 169, 244);\" class=\"customize-unpreviewable\">Bethlehemsgemeinde Hannover<\/a>&nbsp;(S\u00fcdstadt)<\/li>\r\n                      <li>Anschrift: Gro\u00dfe Barlinge 35 \u2013 37, 30171 Hannover<\/li>\r\n                      <li>Gr\u00f6\u00dfe: z. Zt. ca. 70 feet (F\u00fc\u00dfe) !<\/li>\r\n                      <li>unver\u00e4nderliche Kennzeichen: blau\u2026 (s. Foto unten)<\/li>\r\n                      <li>Geschlecht: ich bin zu etwa 2\/3 weiblich und zu 1\/3 m\u00e4nnlich<\/li>\r\n                      <li>unsere Lieblingsmusik: Gospel, Sacro-Pop, Klassik etc.<\/li>\r\n                      <li>unsere Lieblingsfarbe: tintenblau<\/li>\r\n                      <li>unsere bisherigen Reise-Ziele (Konzerte):Arpke, Balhorn, Bente, Bielefeld, Bleckmar, Blomberg, Braunschweig, Brunsbrock, Burgdorf, Celle, Gifhorn, G\u00f6ttingen, Gr. Oesingen, Hannover (St. Petri, Bethlehemskirche, Pauluskirche), Hamburg,\r\n                        Hermannsburg, Lachendorf, Kassel, Rodenberg, Soltau, Sottorf, Talle, Verden, \u2026<\/li>\r\n                      <li>unsere liebster \u2018Begleiter\u2019: Klavier oder noch besser: Band\u2026<\/li>\r\n                      <li>ich w\u00fcnsche mir: hohe Stimmen \u2026 (mehr Sopr\u00e4ne !! Und TEN\u00d6RE !!!)<\/li>\r\n                      <li>Und hier noch unser aktuelles Foto:<\/li>\r\n                    <\/ul>\r\n                    <p>\r\n                      <br>\r\n                    <\/p>\r\n                    <p>\r\n                      <br>\r\n                    <\/p>\r\n                  <\/div>\r\n                <\/div>\r\n                <div data-colibri-id=\"7-c6\" class=\"d-block style-236 style-local-7-c6 position-relative h-element\">\r\n                  <!---->\r\n                  <div class=\"h-image__frame-container-outer\">\r\n                    <div class=\"h-image__frame-container\">\r\n                      <!---->\r\n                      <!---->\r\n                      <img loading=\"lazy\" decoding=\"async\" width=\"2560\" height=\"1920\" src=\"https:\/\/bethlehem-voices.de\/wp-content\/uploads\/2023\/02\/2022-11.Chorfoto_Bethlehem_Voices-red-scaled.jpg\" class=\"wp-image-1427 style-236-image style-local-7-c6-image\" alt=\"\" srcset=\"https:\/\/bethlehem-voices.de\/wp-content\/uploads\/2023\/02\/2022-11.Chorfoto_Bethlehem_Voices-red-scaled.jpg 2560w, https:\/\/bethlehem-voices.de\/wp-content\/uploads\/2023\/02\/2022-11.Chorfoto_Bethlehem_Voices-red-300x225.jpg 300w, https:\/\/bethlehem-voices.de\/wp-content\/uploads\/2023\/02\/2022-11.Chorfoto_Bethlehem_Voices-red-1024x768.jpg 1024w, https:\/\/bethlehem-voices.de\/wp-content\/uploads\/2023\/02\/2022-11.Chorfoto_Bethlehem_Voices-red-768x576.jpg 768w, https:\/\/bethlehem-voices.de\/wp-content\/uploads\/2023\/02\/2022-11.Chorfoto_Bethlehem_Voices-red-1536x1152.jpg 1536w, https:\/\/bethlehem-voices.de\/wp-content\/uploads\/2023\/02\/2022-11.Chorfoto_Bethlehem_Voices-red-2048x1536.jpg 2048w, https:\/\/bethlehem-voices.de\/wp-content\/uploads\/2023\/02\/2022-11.Chorfoto_Bethlehem_Voices-red-210x158.jpg 210w, https:\/\/bethlehem-voices.de\/wp-content\/uploads\/2023\/02\/2022-11.Chorfoto_Bethlehem_Voices-red-1960x1470.jpg 1960w\" sizes=\"auto, (max-width: 2560px) 100vw, 2560px\" \/>\r\n                      <div class=\"h-image__frame h-hide-lg h-hide-md h-hide-sm style-236-frameImage style-local-7-c6-frameImage\"><\/div>\r\n                    <\/div>\r\n                  <\/div>\r\n                <\/div>\r\n                <div data-colibri-id=\"7-c7\" class=\"h-text h-text-component style-238 style-local-7-c7 position-relative h-element\">\r\n                  <!---->\r\n                  <!---->\r\n                  <div class=\"\">\r\n                    <p><span style=\"font-weight: 400; font-size: 9.6px; font-family: &quot;Open Sans&quot;; color: rgb(70, 112, 127);\">Fr\u00f6hlicher Probentag 11\/2022<\/span><\/p>\r\n                  <\/div>\r\n                <\/div>\r\n              <\/div>\r\n            <\/div>\r\n          <\/div>\r\n        <\/div>\r\n      <\/div>\r\n      <div data-colibri-id=\"7-c12\" class=\"h-row-container gutters-row-lg-2 gutters-row-md-2 gutters-row-0 gutters-row-v-lg-2 gutters-row-v-md-2 gutters-row-v-2 style-239 style-local-7-c12 position-relative\">\r\n        <!---->\r\n        <div class=\"h-row justify-content-lg-center justify-content-md-center justify-content-center align-items-lg-stretch align-items-md-stretch align-items-stretch gutters-col-lg-2 gutters-col-md-2 gutters-col-0 gutters-col-v-lg-2 gutters-col-v-md-2 gutters-col-v-2\">\r\n          <!---->\r\n          <div class=\"h-column h-column-container d-flex h-col-lg-auto h-col-md-auto h-col-auto style-240-outer style-local-7-c13-outer\">\r\n            <div data-colibri-id=\"7-c13\" class=\"d-flex h-flex-basis h-column__inner h-px-lg-2 h-px-md-2 h-px-2 v-inner-lg-2 v-inner-md-2 v-inner-2 style-240 style-local-7-c13 position-relative\">\r\n              <!---->\r\n              <!---->\r\n              <div class=\"w-100 h-y-container h-column__content h-column__v-align flex-basis-100 align-self-lg-start align-self-md-start align-self-start\">\r\n                <!---->\r\n                <div data-colibri-id=\"7-c14\" class=\"d-block style-241 style-local-7-c14 position-relative h-element\">\r\n                  <!---->\r\n                  <div class=\"h-image__frame-container-outer\">\r\n                    <a href=\"http:\/\/www.chorstadt-hannover.de\/\" h-use-smooth-scroll=\"true\" class=\"image-link\">\r\n                      <div class=\"h-image__frame-container\">\r\n                        <!---->\r\n                        <!---->\r\n                        <img loading=\"lazy\" decoding=\"async\" width=\"500\" height=\"170\" src=\"https:\/\/bethlehem-voices.de\/wp-content\/uploads\/2020\/01\/banner_csh_500x170.png\" class=\"wp-image-1143 style-241-image style-local-7-c14-image\" alt=\"\" srcset=\"https:\/\/bethlehem-voices.de\/wp-content\/uploads\/2020\/01\/banner_csh_500x170.png 500w, https:\/\/bethlehem-voices.de\/wp-content\/uploads\/2020\/01\/banner_csh_500x170-300x102.png 300w, https:\/\/bethlehem-voices.de\/wp-content\/uploads\/2020\/01\/banner_csh_500x170-210x71.png 210w\" sizes=\"auto, (max-width: 500px) 100vw, 500px\" \/>\r\n                        <div class=\"h-image__frame h-hide-lg h-hide-md h-hide-sm style-241-frameImage style-local-7-c14-frameImage\"><\/div>\r\n                      <\/div>\r\n                    <\/a>\r\n                  <\/div>\r\n                <\/div>\r\n              <\/div>\r\n            <\/div>\r\n          <\/div>\r\n        <\/div>\r\n      <\/div>\r\n    <\/div>\r\n  <\/div>\r\n<\/div>","protected":false},"excerpt":{"rendered":"<p>Unser Name ist \u2018Voices\u2019&nbsp;\u2013 \u2018Bethlehem Voices\u2019 \u2026 geboren: Sommer 1999 im (Krei\u00df-) Saal der&nbsp; Bethlehemsgemeinde Hannover&nbsp;(S\u00fcdstadt) Anschrift: Gro\u00dfe Barlinge 35 \u2013 37, 30171 Hannover Gr\u00f6\u00dfe: z. Zt. ca. 70 feet (F\u00fc\u00dfe) ! unver\u00e4nderliche Kennzeichen: blau\u2026 (s. Foto unten) Geschlecht: ich bin zu etwa 2\/3 weiblich und zu 1\/3 m\u00e4nnlich unsere Lieblingsmusik: Gospel, Sacro-Pop, Klassik etc. [&hellip;]<\/p>\n","protected":false},"author":1,"featured_media":0,"parent":0,"menu_order":1,"comment_status":"closed","ping_status":"closed","template":"page-templates\/full-width-page.php","meta":{"footnotes":""},"class_list":["post-7","page","type-page","status-publish","hentry"],"_links":{"self":[{"href":"https:\/\/bethlehem-voices.de\/index.php\/wp-json\/wp\/v2\/pages\/7","targetHints":{"allow":["GET"]}}],"collection":[{"href":"https:\/\/bethlehem-voices.de\/index.php\/wp-json\/wp\/v2\/pages"}],"about":[{"href":"https:\/\/bethlehem-voices.de\/index.php\/wp-json\/wp\/v2\/types\/page"}],"author":[{"embeddable":true,"href":"https:\/\/bethlehem-voices.de\/index.php\/wp-json\/wp\/v2\/users\/1"}],"replies":[{"embeddable":true,"href":"https:\/\/bethlehem-voices.de\/index.php\/wp-json\/wp\/v2\/comments?post=7"}],"version-history":[{"count":15,"href":"https:\/\/bethlehem-voices.de\/index.php\/wp-json\/wp\/v2\/pages\/7\/revisions"}],"predecessor-version":[{"id":1866,"href":"https:\/\/bethlehem-voices.de\/index.php\/wp-json\/wp\/v2\/pages\/7\/revisions\/1866"}],"wp:attachment":[{"href":"https:\/\/bethlehem-voices.de\/index.php\/wp-json\/wp\/v2\/media?parent=7"}],"curies":[{"name":"wp","href":"https:\/\/api.w.org\/{rel}","templated":true}]}}

Wir über uns

<div data-colibri-id="7-c1" class="style-227 style-local-7-c1 position-relative">
  <!---->
  <div data-colibri-component="section" data-colibri-id="7-c2" id="initial-content" class="h-section h-section-global-spacing d-flex align-items-lg-center align-items-md-center align-items-center style-228 style-local-7-c2 position-relative">
    <!---->
    <!---->
    <div class="h-section-grid-container h-section-boxed-container">
      <!---->
      <div data-colibri-id="7-c3" class="h-row-container gutters-row-lg-2 gutters-row-md-2 gutters-row-0 gutters-row-v-lg-2 gutters-row-v-md-2 gutters-row-v-2 style-233 style-local-7-c3 position-relative">
        <!---->
        <div class="h-row justify-content-lg-center justify-content-md-center justify-content-center align-items-lg-stretch align-items-md-stretch align-items-stretch gutters-col-lg-2 gutters-col-md-2 gutters-col-0 gutters-col-v-lg-2 gutters-col-v-md-2 gutters-col-v-2">
          <!---->
          <div class="h-column h-column-container d-flex h-col-lg-auto h-col-md-auto h-col-auto style-234-outer style-local-7-c4-outer">
            <div data-colibri-id="7-c4" class="d-flex h-flex-basis h-column__inner h-px-lg-2 h-px-md-2 h-px-2 v-inner-lg-2 v-inner-md-2 v-inner-2 style-234 style-local-7-c4 position-relative">
              <!---->
              <!---->
              <div class="w-100 h-y-container h-column__content h-column__v-align flex-basis-100 align-self-lg-start align-self-md-start align-self-start">
                <!---->
                <div data-colibri-id="7-c5" class="h-text h-text-component style-235 style-local-7-c5 position-relative h-element">
                  <!---->
                  <!---->
                  <div class="">
                    <p>Unser Name ist ‘Voices’&nbsp;– ‘Bethlehem Voices’ …</p>
                    <ul>
                      <li>geboren: Sommer 1999 im (Kreiß-) Saal der&nbsp;
                        <a href="http://www.lutherisch.com" style="font-family: &quot;Open Sans&quot;; font-weight: 400; font-size: 1em; color: rgb(3, 169, 244);" class="customize-unpreviewable">Bethlehemsgemeinde Hannover</a>&nbsp;(Südstadt)</li>
                      <li>Anschrift: Große Barlinge 35 – 37, 30171 Hannover</li>
                      <li>Größe: z. Zt. ca. 70 feet (Füße) !</li>
                      <li>unveränderliche Kennzeichen: blau… (s. Foto unten)</li>
                      <li>Geschlecht: ich bin zu etwa 2/3 weiblich und zu 1/3 männlich</li>
                      <li>unsere Lieblingsmusik: Gospel, Sacro-Pop, Klassik etc.</li>
                      <li>unsere Lieblingsfarbe: tintenblau</li>
                      <li>unsere bisherigen Reise-Ziele (Konzerte):Arpke, Balhorn, Bente, Bielefeld, Bleckmar, Blomberg, Braunschweig, Brunsbrock, Burgdorf, Celle, Gifhorn, Göttingen, Gr. Oesingen, Hannover (St. Petri, Bethlehemskirche, Pauluskirche), Hamburg,
                        Hermannsburg, Lachendorf, Kassel, Rodenberg, Soltau, Sottorf, Talle, Verden, …</li>
                      <li>unsere liebster ‘Begleiter’: Klavier oder noch besser: Band…</li>
                      <li>ich wünsche mir: hohe Stimmen … (mehr Sopräne !! Und TENÖRE !!!)</li>
                      <li>Und hier noch unser aktuelles Foto:</li>
                    </ul>
                    <p>
                      <br>
                    </p>
                    <p>
                      <br>
                    </p>
                  </div>
                </div>
                <div data-colibri-id="7-c6" class="d-block style-236 style-local-7-c6 position-relative h-element">
                  <!---->
                  <div class="h-image__frame-container-outer">
                    <div class="h-image__frame-container">
                      <!---->
                      <!---->
                      <img loading="lazy" decoding="async" width="2560" height="1920" src="https://bethlehem-voices.de/wp-content/uploads/2023/02/2022-11.Chorfoto_Bethlehem_Voices-red-scaled.jpg" class="wp-image-1427 style-236-image style-local-7-c6-image" alt="" srcset="https://bethlehem-voices.de/wp-content/uploads/2023/02/2022-11.Chorfoto_Bethlehem_Voices-red-scaled.jpg 2560w, https://bethlehem-voices.de/wp-content/uploads/2023/02/2022-11.Chorfoto_Bethlehem_Voices-red-300x225.jpg 300w, https://bethlehem-voices.de/wp-content/uploads/2023/02/2022-11.Chorfoto_Bethlehem_Voices-red-1024x768.jpg 1024w, https://bethlehem-voices.de/wp-content/uploads/2023/02/2022-11.Chorfoto_Bethlehem_Voices-red-768x576.jpg 768w, https://bethlehem-voices.de/wp-content/uploads/2023/02/2022-11.Chorfoto_Bethlehem_Voices-red-1536x1152.jpg 1536w, https://bethlehem-voices.de/wp-content/uploads/2023/02/2022-11.Chorfoto_Bethlehem_Voices-red-2048x1536.jpg 2048w, https://bethlehem-voices.de/wp-content/uploads/2023/02/2022-11.Chorfoto_Bethlehem_Voices-red-210x158.jpg 210w, https://bethlehem-voices.de/wp-content/uploads/2023/02/2022-11.Chorfoto_Bethlehem_Voices-red-1960x1470.jpg 1960w" sizes="auto, (max-width: 2560px) 100vw, 2560px" />
                      <div class="h-image__frame h-hide-lg h-hide-md h-hide-sm style-236-frameImage style-local-7-c6-frameImage"></div>
                    </div>
                  </div>
                </div>
                <div data-colibri-id="7-c7" class="h-text h-text-component style-238 style-local-7-c7 position-relative h-element">
                  <!---->
                  <!---->
                  <div class="">
                    <p><span style="font-weight: 400; font-size: 9.6px; font-family: &quot;Open Sans&quot;; color: rgb(70, 112, 127);">Fröhlicher Probentag 11/2022</span></p>
                  </div>
                </div>
              </div>
            </div>
          </div>
        </div>
      </div>
      <div data-colibri-id="7-c12" class="h-row-container gutters-row-lg-2 gutters-row-md-2 gutters-row-0 gutters-row-v-lg-2 gutters-row-v-md-2 gutters-row-v-2 style-239 style-local-7-c12 position-relative">
        <!---->
        <div class="h-row justify-content-lg-center justify-content-md-center justify-content-center align-items-lg-stretch align-items-md-stretch align-items-stretch gutters-col-lg-2 gutters-col-md-2 gutters-col-0 gutters-col-v-lg-2 gutters-col-v-md-2 gutters-col-v-2">
          <!---->
          <div class="h-column h-column-container d-flex h-col-lg-auto h-col-md-auto h-col-auto style-240-outer style-local-7-c13-outer">
            <div data-colibri-id="7-c13" class="d-flex h-flex-basis h-column__inner h-px-lg-2 h-px-md-2 h-px-2 v-inner-lg-2 v-inner-md-2 v-inner-2 style-240 style-local-7-c13 position-relative">
              <!---->
              <!---->
              <div class="w-100 h-y-container h-column__content h-column__v-align flex-basis-100 align-self-lg-start align-self-md-start align-self-start">
                <!---->
                <div data-colibri-id="7-c14" class="d-block style-241 style-local-7-c14 position-relative h-element">
                  <!---->
                  <div class="h-image__frame-container-outer">
                    <a href="http://www.chorstadt-hannover.de/" h-use-smooth-scroll="true" class="image-link">
                      <div class="h-image__frame-container">
                        <!---->
                        <!---->
                        <img loading="lazy" decoding="async" width="500" height="170" src="https://bethlehem-voices.de/wp-content/uploads/2020/01/banner_csh_500x170.png" class="wp-image-1143 style-241-image style-local-7-c14-image" alt="" srcset="https://bethlehem-voices.de/wp-content/uploads/2020/01/banner_csh_500x170.png 500w, https://bethlehem-voices.de/wp-content/uploads/2020/01/banner_csh_500x170-300x102.png 300w, https://bethlehem-voices.de/wp-content/uploads/2020/01/banner_csh_500x170-210x71.png 210w" sizes="auto, (max-width: 500px) 100vw, 500px" />
                        <div class="h-image__frame h-hide-lg h-hide-md h-hide-sm style-241-frameImage style-local-7-c14-frameImage"></div>
                      </div>
                    </a>
                  </div>
                </div>
              </div>
            </div>
          </div>
        </div>
      </div>
    </div>
  </div>
</div>

<p>Unser Name ist ‘Voices’&nbsp;– ‘Bethlehem Voices’ … geboren: Sommer 1999 im (Kreiß-) Saal der&nbsp; Bethlehemsgemeinde Hannover&nbsp;(Südstadt) Anschrift: Große Barlinge 35 – 37, 30171 Hannover Größe: z. Zt. ca. 70 feet (Füße) ! unveränderliche Kennzeichen: blau… (s. Foto unten) Geschlecht: ich bin zu etwa 2/3 weiblich und zu 1/3 männlich unsere Lieblingsmusik: Gospel, Sacro-Pop, Klassik etc. [&hellip;]</p>
